{"id":74,"date":"2025-08-09T09:35:17","date_gmt":"2025-08-09T09:35:17","guid":{"rendered":"https:\/\/bsc-hohen-neuendorf.de\/?page_id=74"},"modified":"2026-04-06T07:37:15","modified_gmt":"2026-04-06T07:37:15","slug":"ueber-uns","status":"publish","type":"page","link":"https:\/\/bsc-hohen-neuendorf.de\/index.php\/ueber-uns\/","title":{"rendered":"\u00dcber Uns"},"content":{"rendered":"\t\t<div data-elementor-type=\"wp-page\" data-elementor-id=\"74\" class=\"elementor elementor-74\">\n\t\t\t\t<div class=\"elementor-element elementor-element-542a39b e-flex e-con-boxed e-con e-parent\" data-id=\"542a39b\" data-element_type=\"container\" data-e-type=\"container\">\n\t\t\t\t\t<div class=\"e-con-inner\">\n\t\t<div class=\"elementor-element elementor-element-5324c69 e-con-full e-flex e-con e-child\" data-id=\"5324c69\" data-element_type=\"container\" data-e-type=\"container\">\n\t\t\t\t<div class=\"elementor-element elementor-element-4c78c32 elementor-widget elementor-widget-image\" data-id=\"4c78c32\" data-element_type=\"widget\" data-e-type=\"widget\" data-widget_type=\"image.default\">\n\t\t\t\t\t\t\t\t\t\t\t\t\t\t\t<img fetchpriority=\"high\" decoding=\"async\" width=\"408\" height=\"1024\" src=\"https:\/\/bsc-hohen-neuendorf.de\/wp-content\/uploads\/2025\/08\/P1200845-1-408x1024.jpg\" class=\"attachment-large size-large wp-image-76\" alt=\"\" srcset=\"https:\/\/bsc-hohen-neuendorf.de\/wp-content\/uploads\/2025\/08\/P1200845-1-408x1024.jpg 408w, https:\/\/bsc-hohen-neuendorf.de\/wp-content\/uploads\/2025\/08\/P1200845-1-120x300.jpg 120w, https:\/\/bsc-hohen-neuendorf.de\/wp-content\/uploads\/2025\/08\/P1200845-1-768x1926.jpg 768w, https:\/\/bsc-hohen-neuendorf.de\/wp-content\/uploads\/2025\/08\/P1200845-1-612x1536.jpg 612w, https:\/\/bsc-hohen-neuendorf.de\/wp-content\/uploads\/2025\/08\/P1200845-1-816x2048.jpg 816w, https:\/\/bsc-hohen-neuendorf.de\/wp-content\/uploads\/2025\/08\/P1200845-1-scaled.jpg 1021w\" sizes=\"(max-width: 408px) 100vw, 408px\" \/>\t\t\t\t\t\t\t\t\t\t\t\t\t\t\t<\/div>\n\t\t\t\t<\/div>\n\t\t<div class=\"elementor-element elementor-element-b7c58b6 e-con-full e-flex e-con e-child\" data-id=\"b7c58b6\" data-element_type=\"container\" data-e-type=\"container\">\n\t\t\t\t<div class=\"elementor-element elementor-element-55435c3 elementor-widget elementor-widget-text-editor\" data-id=\"55435c3\" data-element_type=\"widget\" data-e-type=\"widget\" data-widget_type=\"text-editor.default\">\n\t\t\t\t\t\t\t\t\t<h4><strong>Wie sieht unser Vereinsleben aus?<\/strong><\/h4><p>Der BSC Hohen Neuendorf e.V. besteht aus ungef\u00e4hr <strong>Einhundert Mitgliedern<\/strong> im Alter von rund 8 bis 70 Jahren. Gegr\u00fcndet in 2006 besteht unser Verein mittlerweile<strong> seit 19 Jahren<\/strong>. Wir trainieren mehrmals pro Woche \u2013 <strong>im Winter in der Halle, sonst auf unserem Bogenplatz<\/strong> direkt an der Havel. Unsere Mitglieder nehmen regelm\u00e4\u00dfig bei zahlreichen <strong><a href=\"https:\/\/bsc-hohen-neuendorf.de\/index.php\/wettkaempfe\/\">Wettk\u00e4mpfen<\/a> <\/strong>in ganz Deutschland und vereinzelt in anderen L\u00e4ndern teil. Wir veranstalten auch selbst Wettk\u00e4mpfe, egal ob Spa\u00dfschie\u00dfen innerhalb des Vereins oder f\u00fcr die Bogensportverb\u00e4nde auf Kreis- und Landesebene. <strong>In 2023 haben wir sogar die Deutsche Meisterschaft im <a href=\"https:\/\/bsc-hohen-neuendorf.de\/index.php\/wettkaempfe\/#Bogenlauf\">Bogenlaufen<\/a> im Sportpark Bergfelde ausgetragen!<\/strong><\/p>\t\t\t\t\t\t\t\t<\/div>\n\t\t\t\t<div class=\"elementor-element elementor-element-48b16bb elementor-widget elementor-widget-image\" data-id=\"48b16bb\" data-element_type=\"widget\" data-e-type=\"widget\" data-widget_type=\"image.default\">\n\t\t\t\t\t\t\t\t\t\t\t\t\t\t\t<img decoding=\"async\" width=\"1024\" height=\"472\" src=\"https:\/\/bsc-hohen-neuendorf.de\/wp-content\/uploads\/2025\/08\/P1220275-1024x472.jpg\" class=\"attachment-large size-large wp-image-85\" alt=\"\" srcset=\"https:\/\/bsc-hohen-neuendorf.de\/wp-content\/uploads\/2025\/08\/P1220275-1024x472.jpg 1024w, https:\/\/bsc-hohen-neuendorf.de\/wp-content\/uploads\/2025\/08\/P1220275-300x138.jpg 300w, https:\/\/bsc-hohen-neuendorf.de\/wp-content\/uploads\/2025\/08\/P1220275-768x354.jpg 768w, https:\/\/bsc-hohen-neuendorf.de\/wp-content\/uploads\/2025\/08\/P1220275-1536x708.jpg 1536w, https:\/\/bsc-hohen-neuendorf.de\/wp-content\/uploads\/2025\/08\/P1220275-2048x944.jpg 2048w\" sizes=\"(max-width: 1024px) 100vw, 1024px\" \/>\t\t\t\t\t\t\t\t\t\t\t\t\t\t\t<\/div>\n\t\t\t\t<\/div>\n\t\t<div class=\"elementor-element elementor-element-99be12f e-con-full e-flex e-con e-child\" data-id=\"99be12f\" data-element_type=\"container\" data-e-type=\"container\">\n\t\t\t\t<div class=\"elementor-element elementor-element-99bc96b elementor-widget elementor-widget-image\" data-id=\"99bc96b\" data-element_type=\"widget\" data-e-type=\"widget\" data-widget_type=\"image.default\">\n\t\t\t\t\t\t\t\t\t\t\t\t\t\t\t<img decoding=\"async\" width=\"768\" height=\"1024\" src=\"https:\/\/bsc-hohen-neuendorf.de\/wp-content\/uploads\/2025\/08\/P1180552-768x1024.jpg\" class=\"attachment-large size-large wp-image-78\" alt=\"\" srcset=\"https:\/\/bsc-hohen-neuendorf.de\/wp-content\/uploads\/2025\/08\/P1180552-768x1024.jpg 768w, https:\/\/bsc-hohen-neuendorf.de\/wp-content\/uploads\/2025\/08\/P1180552-225x300.jpg 225w, https:\/\/bsc-hohen-neuendorf.de\/wp-content\/uploads\/2025\/08\/P1180552-1152x1536.jpg 1152w, https:\/\/bsc-hohen-neuendorf.de\/wp-content\/uploads\/2025\/08\/P1180552-1536x2048.jpg 1536w, https:\/\/bsc-hohen-neuendorf.de\/wp-content\/uploads\/2025\/08\/P1180552-scaled.jpg 1920w\" sizes=\"(max-width: 768px) 100vw, 768px\" \/>\t\t\t\t\t\t\t\t\t\t\t\t\t\t\t<\/div>\n\t\t\t\t<div class=\"elementor-element elementor-element-e59b811 elementor-widget elementor-widget-image\" data-id=\"e59b811\" data-element_type=\"widget\" data-e-type=\"widget\" data-widget_type=\"image.default\">\n\t\t\t\t\t\t\t\t\t\t\t\t\t\t\t<img loading=\"lazy\" decoding=\"async\" width=\"822\" height=\"1024\" src=\"https:\/\/bsc-hohen-neuendorf.de\/wp-content\/uploads\/2025\/08\/P1200873-822x1024.jpg\" class=\"attachment-large size-large wp-image-77\" alt=\"\" srcset=\"https:\/\/bsc-hohen-neuendorf.de\/wp-content\/uploads\/2025\/08\/P1200873-822x1024.jpg 822w, https:\/\/bsc-hohen-neuendorf.de\/wp-content\/uploads\/2025\/08\/P1200873-241x300.jpg 241w, https:\/\/bsc-hohen-neuendorf.de\/wp-content\/uploads\/2025\/08\/P1200873-768x957.jpg 768w, https:\/\/bsc-hohen-neuendorf.de\/wp-content\/uploads\/2025\/08\/P1200873-1232x1536.jpg 1232w, https:\/\/bsc-hohen-neuendorf.de\/wp-content\/uploads\/2025\/08\/P1200873-1643x2048.jpg 1643w\" sizes=\"(max-width: 822px) 100vw, 822px\" \/>\t\t\t\t\t\t\t\t\t\t\t\t\t\t\t<\/div>\n\t\t\t\t<\/div>\n\t\t\t\t\t<\/div>\n\t\t\t\t<\/div>\n\t\t\t\t<\/div>\n\t\t","protected":false},"excerpt":{"rendered":"<p>Wie sieht unser Vereinsleben aus? Der BSC Hohen Neuendorf e.V. besteht aus ungef\u00e4hr Einhundert Mitgliedern im Alter von rund 8 bis 70 Jahren. Gegr\u00fcndet in 2006 besteht unser Verein mittlerweile seit 19 Jahren. Wir trainieren mehrmals pro Woche \u2013 im Winter in der Halle, sonst auf unserem Bogenplatz direkt an der Havel. Unsere Mitglieder nehmen [&hellip;]<\/p>\n","protected":false},"author":1,"featured_media":0,"parent":0,"menu_order":0,"comment_status":"closed","ping_status":"closed","template":"","meta":{"site-container-style":"default","site-container-layout":"default","site-sidebar-layout":"default","disable-article-header":"default","disable-site-header":"default","disable-site-footer":"default","disable-content-area-spacing":"default","footnotes":""},"class_list":["post-74","page","type-page","status-publish","hentry"],"_links":{"self":[{"href":"https:\/\/bsc-hohen-neuendorf.de\/index.php\/wp-json\/wp\/v2\/pages\/74","targetHints":{"allow":["GET"]}}],"collection":[{"href":"https:\/\/bsc-hohen-neuendorf.de\/index.php\/wp-json\/wp\/v2\/pages"}],"about":[{"href":"https:\/\/bsc-hohen-neuendorf.de\/index.php\/wp-json\/wp\/v2\/types\/page"}],"author":[{"embeddable":true,"href":"https:\/\/bsc-hohen-neuendorf.de\/index.php\/wp-json\/wp\/v2\/users\/1"}],"replies":[{"embeddable":true,"href":"https:\/\/bsc-hohen-neuendorf.de\/index.php\/wp-json\/wp\/v2\/comments?post=74"}],"version-history":[{"count":80,"href":"https:\/\/bsc-hohen-neuendorf.de\/index.php\/wp-json\/wp\/v2\/pages\/74\/revisions"}],"predecessor-version":[{"id":726,"href":"https:\/\/bsc-hohen-neuendorf.de\/index.php\/wp-json\/wp\/v2\/pages\/74\/revisions\/726"}],"wp:attachment":[{"href":"https:\/\/bsc-hohen-neuendorf.de\/index.php\/wp-json\/wp\/v2\/media?parent=74"}],"curies":[{"name":"wp","href":"https:\/\/api.w.org\/{rel}","templated":true}]}}